*w + 2*w = t. Is w composite?
False
Let f(r) = 3*r - 3*r - 4*r + 21 + 594*r**2 + 5*r - 3*r. Is f(-4) composite?
False
Suppose -181542 + 1882921 = 23*g. Is g a composite number?
False
Suppose -2*j + 2202 = p, -p + 5*j = 4*p - 11025. Suppose -6*t + 2*t = -p. Is t a composite number?
True
Let p(j) = -13*j + 0 + 5 + 8 - 4. Let t = -21 - -15. Is p(t) composite?
True
Let a = -103 - -1638. Is a prime?
False
Let u = 252 - 105. Suppose -f = -8*f - u. Is (-29393)/f + 4/(-6) a composite number?
False
Suppose 0 = 5*m + 156 - 1. Let h = m - -39. Suppose -h - 159 = -a. Is a prime?
True
Let d = -12 - -14. Suppose 7*j = d*j - 5. Is j/(-3 - (-6108)/2037) composite?
True
Let p = -55 + 57. Suppose 0 = -4*w + 2*w + p. Is (1359 - 1) + (3 - -1 - w) a composite number?
False
Let s = 334 + -206. Let h = -289 + s. Let r = -104 - h. Is r composite?
True
Let x(v) = 6*v**3 - 10*v**2 - 10*v + 6. Let r(n) = -5*n**3 + 10*n**2 + 10*n - 5. Let d(b) = -7*r(b) - 6*x(b). Let a be d(-9). Is (1648/64)/(2/a) prime?
True
Suppose 0 = -3*j + 4*g - 10561, 29*g = 25*g - 20. Let v = 36172 + j. Is v a prime number?
False
Suppose 0 = -7*m - 36 + 99. Let c = m + 41. Suppose -2*t = -4*t + c. Is t composite?
True
Let u(p) = p + 4. Let y be u(2). Is ((8743/(-21))/(1/y))/(-2) composite?
False
Let q be (0 - (6 - 4))*1550/(-4). Suppose -d + 1662 = -q. Is d composite?
False
Let b(f) = 4*f + 6. Suppose -5*d - 1 = -2*c, 5*c + 2 = -3*d - 11. Let s be b(c). Is (s/(-4) - 2)*2274/(-9) a prime number?
True
Let f(b) = b**2 - 16*b + 34. Let d be f(14). Let y be (-4)/(-12) + 5110/d. Let z = -311 + y. Is z a composite number?
False
Let f(t) = 12959*t**3 - t**2 - 31*t + 55. Is f(2) composite?
True
Let h(x) = 123*x**2 - 11*x**2 - 306*x + 54*x**2 + 334*x + 43. Is h(-7) prime?
False
Let n(i) = 10195*i**2 + 6*i + 9 - 10195*i**2 - 269*i**3. Is n(-2) a composite number?
True
Let q(i) be the first derivative of 91*i**4/4 + 6*i**2 - 15*i - 79. Is q(2) a composite number?
True
Let w(t) = -3173*t - 17. Let d be w(-2). Suppose 4*y - 10587 = d. Is y composite?
False
Suppose -2*t - 5*c = -30, 3*t - 11 - 17 = c. Let o be 5 + t/(2 + -7). Suppose 6*x = x - 3*v + 2410, -o*v = 2*x - 955. Is x a prime number?
False
Let x be (2 - -16)*(-6 - 58/(-2)). Suppose 292 = i - x. Is i composite?
True
Let a be (134444 - 110/(-10))*(-2)/(-10). Let k = -17808 + a. Is k prime?
False
Let q(r) = 31*r + 1. Let f be q(2). Let t(u) = -6*u + f + 12*u + 4*u. Is t(20) a composite number?
False
Suppose 0 = 61*l - 17*l - 4849724. Is l a composite number?
False
Let g(d) = -32761*d + 2579. Is g(-14) a composite number?
False
Suppose 320 = -q + 308. Let r(y) = -4869*y - 43. Is r(q) composite?
True
Let w = -1401 + 2738. Let q = w + 11369. Is q a prime number?
False
Let s(m) = -m**3 - 7*m**2 + 16. Let w be s(-7). Let o be w/(-24) - (0 - (-2)/6). Is (-1)/o*-1 + 0 + 564 prime?
True
Let t(h) = -37*h**3 + 14*h**2 - h - 7*h - 16 + 36*h**3. Suppose 4*d + 3*w + 0*w - 41 = 0, -2*d - 4*w = -18. Is t(d) a composite number?
True
Let k be 5*2*6/4. Suppose -2*a - 50 = -4*g, 2*g + k = g - 5*a. Suppose g*t - 12*t = -124. Is t prime?
False
Is (180531039/(-2704))/((-3)/48) a composite number?
True
Let n(m) = m**3 - m**2 + m - 1. Let s(a) = 5*a**3 + a**2 - a - 3. Let r(w) = 6*n(w) - s(w). Let p be r(6). Suppose p*q = -0*q + 834. Is q composite?
True
Suppose 0 = -16*k - 19*k - 44205. Let f = 1942 + k. Is f a composite number?
True
Suppose -3*h = 4*g - 899279, 2*g - 2*h + 6*h = 449642. Is g a prime number?
False
Suppose -123 = -5*w - r, 4*w - 2*w = 2*r + 42. Let u = w - -43. Is u a composite number?
False
Suppose 0 = -33*b + 59*b - 20436. Let m = 353 + b. Is m a prime number?
False
Is (-268954)/(-3) - 105/(-63) a composite number?
False
Let t(l) be the third derivative of 373*l**4/24 - 5*l**3/2 + 233*l**2. Is t(2) prime?
False
Suppose -2*u - 4*z - z = -7186, z + 10779 = 3*u. Suppose 314 + u = v. Is v a composite number?
False
Suppose 2343493 = 5*w + 7*w + 55417. Is w prime?
False
Suppose 2*t - 1037270 = -4*v - 197230, 3*t = -4*v + 840038. Is v a composite number?
False
Suppose 5*h + 2*x = 6722, -h - 6*x + 5*x = -1342. Let z be ((2 - -5) + -3)/1. Suppose -z*i + 6*i = h. Is i a composite number?
False
Let z be 0/(((-8)/2)/(-2)). Suppose 0 = -2*g - 4*i - 22 + 18, g = 4*i + 16. Suppose w - 2*v - 361 = 0, -g*v + 8 = -z*v. Is w composite?
True
Suppose -6*m - 77052 = -4*g - 3*m, -2*g - 3*m = -38526. Is g a prime number?
False
Let m(h) = h**2 - 31*h + 38. Let q be m(26). Let v = -92 - q. Suppose v = 3*r - 4306 - 1991. Is r a composite number?
False
Let i be 3*(0 - 2 - -6). Let x be 1/4 - (-12633)/i. Let o = -606 + x. Is o prime?
False
Let o = 14809 + 103318. Is o a prime number?
True
Let y(d) = 286*d**2 - 4*d - 1. Let n be y(2). Is -3*(6 - n/3) a prime number?
True
Let k = 102629 - 56310. Suppose 3*g = 10*g - k. Is g composite?
True
Let i be (-35)/1 + 2/(8/20). Is i/(-25) + (-736788)/(-60) composite?
False
Let l(j) = -596*j + 259. Is l(-15) a composite number?
False
Suppose -2*g = 2*g. Let w = -2453 + 2455. Suppose 4*d - 3728 = 2*f + f, g = 4*d + w*f - 3708. Is d a prime number?
True
Is (-1)/(-18) - (-1293568073)/1962 a composite number?
True
Suppose -2*w + p = 1210, -7 = -p - 9. Let g = 201 - w. Is g prime?
False
Let h(i) = 51*i - 36. Let b = 381 - 374. Is h(b) a prime number?
False
Suppose 2975367 = -210*y + 213*y. Is y prime?
False
Suppose 8084 = -13*s - 20191. Let c = s + 3877. Suppose -6*v + c = -4*v. Is v prime?
False
Let t = 8403 + 1806. Suppose -p + t = -5*h, 7*h - 10211 = -p + 11*h. Is p a composite number?
True
Let g be 1/(-5) - 6/60*688. Let c = g - -65. Let q(r) = 13*r**2 + 5*r - 1. Is q(c) prime?
False
Is (-66)/55 + 21114613/65 composite?
False
Suppose -2*p + 849260 = 131*r - 128*r, 4*p = -3*r + 1698538. Is p a composite number?
False
Suppose 0 = 4*x + 5*r - r - 158228, -3*x + 4*r = -118643. Is x composite?
True
Let t be 2*(-30)/12*-1. Suppose 12685 = 2*u - t*v, -4*u + 3*v + 25388 = -v. Suppose u - 2464 = 2*a. Is a composite?
True
Suppose 51*u = 48*u - 2*p + 36975, -2*u + 5*p + 24631 = 0. Is u a prime number?
True
Is 10/(180/(-264111))*-18 a prime number?
False
Let y be (-3015)/270 - ((-2)/12 - 0). Let h(t) = -105*t + 160. Is h(y) a prime number?
False
Let n(c) = 2*c**3 - 4*c - 3. Let z be n(-1). Let y be z + 3 + -1 + 1261. Suppose 2*q + 0*q - y = 0. Is q composite?
False
Is ((-2108)/510 + 4/30)/((-14)/34699) prime?
False
Let o(r) = -r**3 + 22*r**2 + 36*r - 24. Let h be 4/(-10*(-2)/55). Is o(h) a prime number?
False
Suppose -40*l = -45*l + 108595. Let a = -15172 + l. Is a a prime number?
True
Let i = -1686 + 868. Suppose 2*q - 3119 = -3*j, -4*q + 8330 - 2072 = 2*j. Let m = i + q. Is m a composite number?
True
Suppose 0 = -2*s - 2, -6*s = 2*l - 3*s - 1. Suppose -l*v + 7 = 25. Let d(w) = -w**3 + 4*w**2 - 10*w + 8. Is d(v) composite?
False
Suppose -183778 = -5*m - 17373. Is m prime?
False
Let l be 100/(-6) - (4/(-6) + 1). Let a(t) = -3*t**2 - 9*t + 35. Let v(n) = 17*n**2 + 46*n - 175. Let p(h) = 11*a(h) + 2*v(h). Is p(l) prime?
True
Let w = -54255 - -86792. Is w prime?
True
Suppose 26 = 8*q - 6. Suppose 7*a = 4*a + 2*b - q, -3*a - 2*b + 16 = 0. Let v(h) = 582*h**2 + 3*h - 1. Is v(a) prime?
True
Let d(k) = -1481*k**3 + 6*k**2 - 16*k - 41. Is d(-6) a prime number?
False
Is (84 - -67937) + (4*1)/(8/4) a composite number?
False
Is 9684867/(-282)*-1*2 prime?
True
Let j be (-119)/(-5) + 1/5. Let a = -20 + j. Suppose 361 = a*k - 219. Is k composite?
True
Suppose 0 = 2*x, -4*o - o + 2*x = 0. Suppose 2*a = 4*u - 8518, -3*u + 2*a = -o*u - 6391. Suppose -n + u = 2*t, 2*t + 5 = -3*t. Is n a composite number?
False
Let i(a) = a**2 - 26*a + 2. Let z be i(26). Suppose 2*g + 43 = 3*b, 0*b + z*b = 5*g + 47. Suppose -4*x - 2051 = -b*x. Is x composite?
False
Suppose -3*a = 3*a - 30. Let s(t) be the third derivative of 11*t**5/30 + t**4/12 + 13*t**3/6 + 6*t**2. Is s(a) composite?
True
Let n = 62640 + 13451. Is n prime?
True
Let k(q) = -13*q**3 - 14*q**2 - 25*q + 34. Let v be k(-18). Let h = v - 49457. Is h composite?
False
Let d(j) = 20602*j + 7445. Is d(72) prime?
True
Let y = -8782 - -14188. Suppose -3252 = -5*p + 2*p + 3*k, y = 5*p + 2*k. Is p a composite number?
True
Let w(d) = d**2 - 9*d - 8. Let k be w(8). Let m be (27/(-6))/(-3)*k/(-6). Suppose 6*x - m*x + 8 = 0, 4*v = x + 360. Is 